actors of ((-54)/(-15))/(-9)*(-815)/2?
163
Suppose v = 3*n - 2*v - 33, 0 = n - 5*v + 9. Suppose 4*k - n = -4*d + 5*d, 3*d + 3 = 3*k. Suppose 35 + 65 = k*w. List the prime factors of w.
2, 5
Let g = -217 - -382. What are the prime factors of g?
3, 5, 11
Let d(b) = 23*b - 70. List the prime factors of d(17).
3, 107
Let h(m) = -4*m - 4. What are the prime factors of h(-5)?
2
Let r(z) = -z**2 - 7*z - 5. Let w be r(-5). Suppose 5*d - l = 54, -w*d = 2*l - 35 - 22. What are the prime factors of d?
11
Suppose 2*b - 1 = 3. Suppose b*m - 4*m = 4. List the prime factors of 8 + m + 0 + 1.
7
Let d(f) = -f + 9*f + 1 - 13 + 8. What are the prime factors of d(3)?
2, 5
Let d(y) = -y + 10. Suppose 4*r - 6 - 18 = 0. What are the prime factors of d(r)?
2
Let v be 2/14 - (-612)/28. Suppose 0 = -v*p + 18*p + 132. What are the prime factors of p?
3, 11
Suppose 0 = 5*t - 2*t - 24. List the prime factors of t.
2
Suppose -2*r = -5*j + 25, -5*r - 2*j = 2*j + 13. What are the prime factors of r/2*(-9 - -3)?
3, 5
What are the prime factors of ((-14)/(-35))/(2/320)?
2
Let s be (2/(-4))/(3/(-162)). Let y = -14 + s. What are the prime factors of y?
13
Suppose -r - 80 = 3*r. What are the prime factors of 26/8 - (-5)/r?
3
Let u be (1/3)/(1/15). Let g = u + -7. Let f = g + 7. What are the prime factors of f?
5
Suppose -3*v + 0 + 12 = 0. List the prime factors of (v + 0)*(-22)/(-2).
2, 11
Let r(x) = x**3 - 7*x**2 + 6*x + 3. Let n be r(7). Suppose 0 = 6*w - w - n. List the prime factors of w.
3
Suppose -4*t + 2*a = -3*a, 4*a = -5*t. Suppose -4*u + 5*u - 9 = t. What are the prime factors of (u/(-12))/(1/(-8))?
2, 3
Suppose 2*x - v - 35 - 99 = 0, 5*x + v - 335 = 0. List the prime factors of x.
67
Let n be (-2)/8 - (-9)/4. Suppose n*i = 5*i - 6. Suppose 2*j - 3*a - 22 = 0, -i*a - 33 = -3*j - 7*a. What are the prime factors of j?
11
List the prime factors of 20/15*300/8.
2, 5
Let y be 6*(-3)/6 + 53. Let a be 2/(-5) - 4/(-10). Suppose a*w + y = 5*w. What are the prime factors of w?
2, 5
Suppose -3*a - 121 = -3*j - 2*j, 0 = j + 2*a - 19. What are the prime factors of j?
23
Let h(m) = -m**2 + 4*m + 3. Let z be h(6). Let q = 12 + z. What are the prime factors of q?
3
Suppose -o + 5*o = 20. Let c(y) = y**2 - 6*y - 9. Let u be c(8). Let j = u - o. List the prime factors of j.
2
Suppose -2*d - 3*d + 20 = 0. Suppose -d*l = 9 - 53. List the prime factors of l.
11
Let h(m) = 2*m**2 - 10*m - 4. Let c(n) = 2*n**2 - 11*n - 4. Let q(y) = -5*c(y) + 6*h(y). List the prime factors of q(5).
3, 7
Let j = -87 - -57. Let q = 4 - j. List the prime factors of q.
2, 17
Let n(s) = 3*s - 3. Let l(c) = -4*c + 4. Let a(f) = 4*l(f) + 5*n(f). What are the prime factors of a(-6)?
7
Let f = 45 + -10. What are the prime factors of f?
5, 7
Let k be (-6)/8 + 1/(-4). Let h = k - -6. What are the prime factors of 6 + h/((-15)/6)?
2
Suppose -i = 2, -4*q = 4*i - 9*i + 30. List the prime factors of (96/(-15))/(2/q).
2
Let j = 13 + -4. Suppose 2*a + a = j. List the prime factors of a.
3
Suppose -4 + 0 = -u. Suppose 0 = -2*c - u*i + 10 + 24, -5*c - i = -58. What are the prime factors of c?
11
Let i be -5*(4/5 + -2). Let l = i - 12. Let u = l - -16. What are the prime factors of u?
2, 5
Let x(a) = -2*a**2 - 5*a - 4. Let c(g) = 2*g**2 + 4*g + 3. Let t(v) = 5*c(v) + 4*x(v). List the prime factors of t(2).
7
Suppose -2*p + 0*p = 2. List the prime factors of 3 - 0/1*p.
3
Let y(o) = 7*o**2. List the prime factors of y(-3).
3, 7
Let u(w) = -4*w - 3. Suppose f = -0 - 2. Let v be u(f). Suppose k + 4*k + 5 = 0, c - v*k - 8 = 0. List the prime factors of c.
3
Suppose 266 + 34 = 5*r. Let d = -2 - -2. Suppose -r + d = -5*u. List the prime factors of u.
2, 3
Let c = -18 + 25. List the prime factors of c.
7
Suppose -8*o = -12*o + 16. Suppose -o*d + 2 = -14. What are the prime factors of d?
2
Suppose 2*b = 10, 4*d - 5*b - 147 = -0*b. List the prime factors of d.
43
Let s(a) = a**2 - 4*a - 2. Let o be s(5). Suppose -o*z + w + 45 = 0, -z + w + 4 = -13. What are the prime factors of -15*(1 - z/6)?
2, 5
Let t(x) = x + 4. Let h(f) = -f**2 + 6*f - 1. Let j be h(4). Let m be t(j). Suppose i - m = 1. List the prime factors of i.
2, 3
Suppose p + 2 = 2*d, -3*d + 7*p - 2*p = -10. Suppose 5*t + 2 + 3 = d. Let n(q) = -4*q - 1. List the prime factors of n(t).
3
Let v(f) = -f**3 + 8*f**2 + 9*f + 10. What are the prime factors of v(9)?
2, 5
Let i(a) = a**3 + 5*a**2 - 5*a + 5. Let r be i(-6). Let b be 3 + (-3 - (0 + r)). What are the prime factors of (-4)/(b*-2) + 2?
2
What are the prime factors of 2 - -112 - 15/(-15)?
5, 23
Suppose 2*d = -3*d + 15. Let s = 5 - d. Suppose 10 = s*u, 5*r - 8*u = -4*u + 15. What are the prime factors of r?
7
List the prime factors of (6/(-3))/((-10)/415).
83
Suppose 546 = 29*y - 26*y. List the prime factors of y.
2, 7, 13
Let r be 111*-1*(-1)/3. Suppose 3*x - 11 = r. What are the prime factors of x?
2
Let g(i) = i**3 - 2*i**2 + 4*i - 3. Let q be g(2). Suppose 0 = -q*y - 0*y + 140. Let w = -18 + y. List the prime factors of w.
2, 5
Let a be 1/((-9)/(-5) - 2). Let t be (-4)/3 + 4/(-6). What are the prime factors of 16/10 + t/a?
2
Let i(g) = 4*g**2 - 13*g - 8. List the prime factors of i(7).
97
Let p(f) = 2*f**2 - 2*f + 9. List the prime factors of p(4).
3, 11
Suppose -g - 1 = -56. List the prime factors of g.
5, 11
Suppose -a = 5, -a = -2*c - c - 70. What are the prime factors of 258/5 + (-10)/c?
2, 13
List the prime factors of (3 - 1) + -1*(-1432)/8.
181
Let z = 10 - 14. What are the prime factors of z/12 - (-74)/6?
2, 3
Suppose -4*n + 16 = 3*g + 6, -3*g = 2*n - 2. Let z be 4*(3/g)/(-3). What are the prime factors of ((-5)/z)/((-1)/2)?
5
Let u = -20 + 36. What are the prime factors of u?
2
Let j be 6/(-15) - 531/(-15). Suppose -2*z + j = 3*z. What are the prime factors of z?
7
Suppose -18*f - 1632 = -24*f. List the prime factors of f.
2, 17
List the prime factors of ((-24)/(-8))/((-3)/(-35)).
5, 7
Suppose -8*b = -3*b - 25, r - 5*b = 33. What are the prime factors of r?
2, 29
Let a = 47 + -26. Let n = 35 - a. What are the prime factors of n?
2, 7
Let d be (-10)/(-4) - (-1)/(-2). Let j(i) = i + 2. Let p be j(0). Suppose -5*n + p = -4*n - 2*m, 10 = n + d*m. List the prime factors of n.
2, 3
Let f(n) = -2*n + 9. Let i be f(4). Suppose -i = -h + 37. What are the prime factors of h?
2, 19
Let m = 115 - -34. List the prime factors of m.
149
Suppose k + 4*k - 380 = 0. Suppose 30 = 2*l + m - 25, -5*m = -3*l + k. List the prime factors of l.
3
Let q(x) = 2*x + 7. List the prime factors of q(5).
17
Let u = -18 + 20. List the prime factors of u.
2
List the prime factors of (-1 - -3)/((-2)/(-79)).
79
Let a(o) be the first derivative of -o**4/4 - 2*o**3/3 + 3*o**2/2 - 2*o - 3. Let m be a(-4). Let q = m + -13. What are the prime factors of q?
5
Suppose 9 = j - 4*c, 2*j - 2 = -2*c - 4. Let i(d) = -d + 1. Let q be i(-7). List the prime factors of j*9*q/24.
3
Let l(m) = -m**3 + 9*m**2 - 4*m. Let p be l(5). Suppose -45 - p = -5*t. List the prime factors of t.
5
Let i be (-6)/21 + (-46)/(-14). Suppose -4*x - 20 = -i*p, 4*p = 3*p - 3*x - 2. List the prime factors of p.
2
Let x = -6 + 9. Suppose x*v - 7*v + 8 = 0. Suppose b + 0*f - 15 = f, 5*f = v*b - 42. List the prime factors of b.
11
Let z be 45/10*(-4)/(-3). Suppose -2*k - 2*w = 4, 5*k + 3*w = -w - z. List the prime factors of k/6 + 50/3.
17
Let w be ((-3)/(-9))/((-4)/(-72)). Let h = w - -7. Suppose -h = -0*s - s. What are the prime factors of s?
13
Suppose 3*h = 4*h - 5. Suppose -a + o + 9 = 0, h*a + 2*o = 5*o + 55. What are the prime factors of a?
2, 7
Let r(a) = -a - 6. Let j be r(-8). Suppose v - 4*v + 102 = -g, 5*g - 68 = -j*v. List the prime factors of v.
2, 17
Suppose 5*q = 5*w - 0*q, 0 = 4*q. Suppose w = -4*d - 4, -25 = -l - l + 5*d. What are the prime factors of l?
2, 5
Suppose 75 = 3*w + 3*p, -5*w = -w + 3*p - 105. List the prime factors of w.
2, 3, 5
What are the prime factors of (0 + -8)/((-2)/10)?
2, 5
Let k = -19 - -73. List the prime factors of k.
2, 3
Suppose m - 1 = 0, -2*m + 7 = w + m. Let u be 0/(-4 - -2) + 7. List the prime factors of w/(-14) + 37/u.
5
List the prime factors of (10/(-20))/(2/(-1256)).
2, 157
Suppose -2*r + 4 = -4*r. List the prime factors of (-3)/r + (-4)/(-8).
2
Suppose 2*q + 2*q = 32. List the prime factors of q.
2
Let n = 1 - -1. Let z be (-3)/9 + (-